[INFO] cloning repository https://github.com/dat2/game-prototype
[INFO] running `Command { std: "git" "-c" "credential.helper=" "-c" "credential.helper=/workspace/cargo-home/bin/git-credential-null" "clone" "--bare" "https://github.com/dat2/game-prototype" "/workspace/cache/git-repos/https%3A%2F%2Fgithub.com%2Fdat2%2Fgame-prototype", kill_on_drop: false }`
[INFO] [stderr] Cloning into bare repository '/workspace/cache/git-repos/https%3A%2F%2Fgithub.com%2Fdat2%2Fgame-prototype'...
[INFO] running `Command { std: "git" "rev-parse" "HEAD", kill_on_drop: false }`
[INFO] [stdout] 795001a1115f48f09bb6818a8f97204796d59740
[INFO] checking dat2/game-prototype against master#af3c6e733a40e671550e0f0f5aeecaa13772ba56 for pr-74989
[INFO] running `Command { std: "git" "clone" "/workspace/cache/git-repos/https%3A%2F%2Fgithub.com%2Fdat2%2Fgame-prototype" "/workspace/builds/worker-12/source", kill_on_drop: false }`
[INFO] [stderr] Cloning into '/workspace/builds/worker-12/source'...
[INFO] [stderr] done.
[INFO] validating manifest of git repo https://github.com/dat2/game-prototype on toolchain af3c6e733a40e671550e0f0f5aeecaa13772ba56
[INFO] running `Command { std: "/workspace/cargo-home/bin/cargo" "+af3c6e733a40e671550e0f0f5aeecaa13772ba56" "read-manifest" "--manifest-path" "Cargo.toml", kill_on_drop: false }`
[INFO] started tweaking git repo https://github.com/dat2/game-prototype
[INFO] finished tweaking git repo https://github.com/dat2/game-prototype
[INFO] tweaked toml for git repo https://github.com/dat2/game-prototype written to /workspace/builds/worker-12/source/Cargo.toml
[INFO] crate git repo https://github.com/dat2/game-prototype already has a lockfile, it will not be regenerated
[INFO] running `Command { std: "/workspace/cargo-home/bin/cargo" "+af3c6e733a40e671550e0f0f5aeecaa13772ba56" "fetch" "--locked" "--manifest-path" "Cargo.toml", kill_on_drop: false }`
[INFO] running `Command { std: "docker" "create" "-v" "/var/lib/crater-agent-workspace/builds/worker-12/target:/opt/rustwide/target:rw,Z" "-v" "/var/lib/crater-agent-workspace/builds/worker-12/source:/opt/rustwide/workdir:ro,Z" "-v" "/var/lib/crater-agent-workspace/cargo-home:/opt/rustwide/cargo-home:ro,Z" "-v" "/var/lib/crater-agent-workspace/rustup-home:/opt/rustwide/rustup-home:ro,Z" "-e" "SOURCE_DIR=/opt/rustwide/workdir" "-e" "CARGO_TARGET_DIR=/opt/rustwide/target" "-e" "CARGO_HOME=/opt/rustwide/cargo-home" "-e" "RUSTUP_HOME=/opt/rustwide/rustup-home" "-w" "/opt/rustwide/workdir" "-m" "1610612736" "--user" "0:0" "--network" "none" "rustops/crates-build-env@sha256:d92eaeed33fa75130ca1ee6c8a01d1ffb62bac859dfdfb3450e3e5d1c0146529" "/opt/rustwide/cargo-home/bin/cargo" "+af3c6e733a40e671550e0f0f5aeecaa13772ba56" "metadata" "--no-deps" "--format-version=1", kill_on_drop: false }`
[INFO] [stdout] ebcb801d498a47d6e0f56931cfc6a2fc422fc48234d02b1bad12d5b30bcfc575
[INFO] [stderr] WARNING: Your kernel does not support swap limit capabilities or the cgroup is not mounted. Memory limited without swap.
[INFO] running `Command { std: "docker" "start" "-a" "ebcb801d498a47d6e0f56931cfc6a2fc422fc48234d02b1bad12d5b30bcfc575", kill_on_drop: false }`
[INFO] running `Command { std: "docker" "inspect" "ebcb801d498a47d6e0f56931cfc6a2fc422fc48234d02b1bad12d5b30bcfc575", kill_on_drop: false }`
[INFO] running `Command { std: "docker" "rm" "-f" "ebcb801d498a47d6e0f56931cfc6a2fc422fc48234d02b1bad12d5b30bcfc575", kill_on_drop: false }`
[INFO] [stdout] ebcb801d498a47d6e0f56931cfc6a2fc422fc48234d02b1bad12d5b30bcfc575
[INFO] running `Command { std: "docker" "create" "-v" "/var/lib/crater-agent-workspace/builds/worker-12/target:/opt/rustwide/target:rw,Z" "-v" "/var/lib/crater-agent-workspace/builds/worker-12/source:/opt/rustwide/workdir:ro,Z" "-v" "/var/lib/crater-agent-workspace/cargo-home:/opt/rustwide/cargo-home:ro,Z" "-v" "/var/lib/crater-agent-workspace/rustup-home:/opt/rustwide/rustup-home:ro,Z" "-e" "SOURCE_DIR=/opt/rustwide/workdir" "-e" "CARGO_TARGET_DIR=/opt/rustwide/target" "-e" "CARGO_INCREMENTAL=0" "-e" "RUST_BACKTRACE=full" "-e" "RUSTFLAGS=--cap-lints=forbid" "-e" "CARGO_HOME=/opt/rustwide/cargo-home" "-e" "RUSTUP_HOME=/opt/rustwide/rustup-home" "-w" "/opt/rustwide/workdir" "-m" "1610612736" "--user" "0:0" "--network" "none" "rustops/crates-build-env@sha256:d92eaeed33fa75130ca1ee6c8a01d1ffb62bac859dfdfb3450e3e5d1c0146529" "/opt/rustwide/cargo-home/bin/cargo" "+af3c6e733a40e671550e0f0f5aeecaa13772ba56" "check" "--frozen" "--all" "--all-targets" "--message-format=json", kill_on_drop: false }`
[INFO] [stdout] c5b2624a834c9c2ecd719e416809ebdea56f6e22378befc7ec6390f12751d35d
[INFO] [stderr] WARNING: Your kernel does not support swap limit capabilities or the cgroup is not mounted. Memory limited without swap.
[INFO] running `Command { std: "docker" "start" "-a" "c5b2624a834c9c2ecd719e416809ebdea56f6e22378befc7ec6390f12751d35d", kill_on_drop: false }`
[INFO] [stderr]     Checking lazy_static v0.2.10
[INFO] [stderr]     Checking nodrop v0.1.12
[INFO] [stderr]    Compiling itoa v0.3.4
[INFO] [stderr]    Compiling serde v0.9.15
[INFO] [stderr]    Compiling matrixmultiply v0.1.14
[INFO] [stderr]     Checking rawpointer v0.1.0
[INFO] [stderr]    Compiling cc v1.0.3
[INFO] [stderr]     Checking approx v0.1.1
[INFO] [stderr]    Compiling khronos_api v2.0.0
[INFO] [stderr]     Checking scopeguard v0.3.3
[INFO] [stderr]    Compiling log v0.3.8
[INFO] [stderr]    Compiling winapi-build v0.1.1
[INFO] [stderr]    Compiling rayon-core v1.3.0
[INFO] [stderr]     Checking piston-float v0.3.0
[INFO] [stderr]     Checking winapi v0.2.8
[INFO] [stderr]    Compiling pkg-config v0.3.9
[INFO] [stderr]     Checking bitflags v0.7.0
[INFO] [stderr]     Checking serde v1.0.20
[INFO] [stderr]     Checking shader_version v0.3.0
[INFO] [stderr]     Checking byteorder v0.4.2
[INFO] [stderr]     Checking color_quant v1.0.0
[INFO] [stderr]     Checking lzw v0.10.0
[INFO] [stderr]     Checking odds v0.2.25
[INFO] [stderr]     Checking read_color v0.1.0
[INFO] [stderr]     Checking mopa v0.2.2
[INFO] [stderr]     Checking scoped_threadpool v0.1.8
[INFO] [stderr]     Checking interpolation v0.1.0
[INFO] [stderr]     Checking piston-texture v0.6.0
[INFO] [stderr]     Checking crossbeam v0.3.0
[INFO] [stderr]     Checking piston-shaders_graphics2d v0.3.1
[INFO] [stderr]     Checking base64 v0.1.1
[INFO] [stderr]     Checking num_cpus v1.7.0
[INFO] [stderr]     Checking time v0.1.38
[INFO] [stderr]    Compiling phf_shared v0.7.21
[INFO] [stderr]    Compiling xml-rs v0.6.1
[INFO] [stderr]     Checking enum_primitive v0.1.1
[INFO] [stderr]    Compiling syn v0.10.8
[INFO] [stderr]    Compiling rand v0.3.18
[INFO] [stderr]     Checking num-complex v0.1.40
[INFO] [stderr]    Compiling xml-rs v0.7.0
[INFO] [stderr]     Checking inflate v0.3.3
[INFO] [stderr]     Checking deflate v0.7.17
[INFO] [stderr]     Checking arrayvec v0.4.6
[INFO] [stderr]     Checking shared_library v0.1.7
[INFO] [stderr]     Checking piston-viewport v0.3.0
[INFO] [stderr]     Checking vecmath v0.3.1
[INFO] [stderr]     Checking coco v0.1.1
[INFO] [stderr]     Checking xml-rs v0.3.6
[INFO] [stderr]    Compiling kernel32-sys v0.2.2
[INFO] [stderr]     Checking stb_truetype v0.2.1
[INFO] [stderr]     Checking tempfile v2.2.0
[INFO] [stderr]     Checking num-rational v0.1.40
[INFO] [stderr]     Checking gif v0.9.2
[INFO] [stderr]    Compiling phf v0.7.21
[INFO] [stderr]     Checking pulse v0.5.3
[INFO] [stderr]     Checking arrayvec v0.3.24
[INFO] [stderr]     Checking osmesa-sys v0.1.2
[INFO] [stderr]    Compiling x11-dl v2.16.0
[INFO] [stderr]     Checking alga v0.5.2
[INFO] [stderr]    Compiling serde_derive_internals v0.17.0
[INFO] [stderr]    Compiling shred-derive v0.3.0
[INFO] [stderr]    Compiling specs-derive v0.1.0
[INFO] [stderr]     Checking generic-array v0.8.3
[INFO] [stderr]     Checking rusttype v0.2.3
[INFO] [stderr]    Compiling wayland-scanner v0.9.10
[INFO] [stderr]    Compiling phf_generator v0.7.21
[INFO] [stderr]    Compiling gl_generator v0.6.1
[INFO] [stderr]    Compiling miniz-sys v0.1.10
[INFO] [stderr]    Compiling backtrace-sys v0.1.16
[INFO] [stderr]    Compiling phf_codegen v0.7.21
[INFO] [stderr]     Checking fs2 v0.2.5
[INFO] [stderr]     Checking rayon v0.8.2
[INFO] [stderr]     Checking png v0.11.0
[INFO] [stderr]    Compiling target_build_utils v0.3.1
[INFO] [stderr]     Checking memmap v0.4.0
[INFO] [stdout] error[E0311]: the parameter type `K` may not live long enough
[INFO] [stdout]   --> /opt/rustwide/cargo-home/registry/src/github.com-1ecc6299db9ec823/rusttype-0.2.3/src/support/bst/map.rs:81:19
[INFO] [stdout]    |
[INFO] [stdout] 81 |             match node.force() {
[INFO] [stdout]    |                   ^^^^
[INFO] [stdout]    |
[INFO] [stdout] note: the parameter type `K` must be valid for the anonymous lifetime #1 defined on the function body at 77:9...
[INFO] [stdout]   --> /opt/rustwide/cargo-home/registry/src/github.com-1ecc6299db9ec823/rusttype-0.2.3/src/support/bst/map.rs:77:9
[INFO] [stdout]    |
[INFO] [stdout] 77 | /         fn clone_subtree<K: Clone, V: Clone>(
[INFO] [stdout] 78 | |                 node: node::NodeRef<marker::Immut, K, V, marker::LeafOrInternal>)
[INFO] [stdout] 79 | |                 -> BTreeMap<K, V> {
[INFO] [stdout]    | |_________________________________^
[INFO] [stdout] 
[INFO] [stdout] 
[INFO] [stdout] error[E0311]: the parameter type `V` may not live long enough
[INFO] [stdout]   --> /opt/rustwide/cargo-home/registry/src/github.com-1ecc6299db9ec823/rusttype-0.2.3/src/support/bst/map.rs:81:19
[INFO] [stdout]    |
[INFO] [stdout] 81 |             match node.force() {
[INFO] [stdout]    |                   ^^^^
[INFO] [stdout]    |
[INFO] [stdout] note: the parameter type `V` must be valid for the anonymous lifetime #1 defined on the function body at 77:9...
[INFO] [stdout]   --> /opt/rustwide/cargo-home/registry/src/github.com-1ecc6299db9ec823/rusttype-0.2.3/src/support/bst/map.rs:77:9
[INFO] [stdout]    |
[INFO] [stdout] 77 | /         fn clone_subtree<K: Clone, V: Clone>(
[INFO] [stdout] 78 | |                 node: node::NodeRef<marker::Immut, K, V, marker::LeafOrInternal>)
[INFO] [stdout] 79 | |                 -> BTreeMap<K, V> {
[INFO] [stdout]    | |_________________________________^
[INFO] [stdout] 
[INFO] [stdout] 
[INFO] [stderr]     Checking nalgebra v0.13.1
[INFO] [stderr]    Compiling wayland-client v0.9.10
[INFO] [stderr]    Compiling wayland-protocols v0.9.10
[INFO] [stdout] error: aborting due to 2 previous errors
[INFO] [stdout] 
[INFO] [stdout] 
[INFO] [stderr] error: could not compile `rusttype`.
[INFO] [stderr] 
[INFO] [stderr] To learn more, run the command again with --verbose.
[INFO] [stderr] warning: build failed, waiting for other jobs to finish...
[INFO] [stdout] error[E0119]: conflicting implementations of trait `std::ops::Mul<&_>` for type `geometry::translation::Translation<_, _>`:
[INFO] [stdout]    --> /opt/rustwide/cargo-home/registry/src/github.com-1ecc6299db9ec823/nalgebra-0.13.1/src/geometry/isometry_ops.rs:67:9
[INFO] [stdout]     |
[INFO] [stdout] 67  | /         impl<$($lives ,)* N: Real, D: DimName, R> $Op<$Rhs> for $Lhs
[INFO] [stdout] 68  | |             where R: AlgaRotation<Point<N, D>>,
[INFO] [stdout] 69  | |                   DefaultAllocator: Allocator<N, D> {
[INFO] [stdout] 70  | |             type Output = $Output;
[INFO] [stdout] ...   |
[INFO] [stdout] 75  | |             }
[INFO] [stdout] 76  | |         }
[INFO] [stdout]     | |         ^
[INFO] [stdout]     | |         |
[INFO] [stdout]     | |_________first implementation here
[INFO] [stdout]     |           conflicting implementation for `geometry::translation::Translation<_, _>`
[INFO] [stdout] ...
[INFO] [stdout] 281 | / isometry_binop_impl_all!(
[INFO] [stdout] 282 | |     Mul, mul;
[INFO] [stdout] 283 | |     self: Translation<N, D>, right: R, Output = Isometry<N, D, R>;
[INFO] [stdout] 284 | |     [val val] => Isometry::from_parts(self, right);
[INFO] [stdout] ...   |
[INFO] [stdout] 287 | |     [ref ref] => Isometry::from_parts(self.clone(), right.clone());
[INFO] [stdout] 288 | | );
[INFO] [stdout]     | |__- in this macro invocation
[INFO] [stdout]     |
[INFO] [stdout]     = note: downstream crates may implement trait `alga::linear::Rotation<geometry::point::Point<_, _>>` for type `&_`
[INFO] [stdout]     = note: this error originates in a macro (in Nightly builds, run with -Z macro-backtrace for more info)
[INFO] [stdout] 
[INFO] [stdout] 
[INFO] [stdout] error[E0119]: conflicting implementations of trait `std::ops::Mul<&_>` for type `&geometry::translation::Translation<_, _>`:
[INFO] [stdout]    --> /opt/rustwide/cargo-home/registry/src/github.com-1ecc6299db9ec823/nalgebra-0.13.1/src/geometry/isometry_ops.rs:67:9
[INFO] [stdout]     |
[INFO] [stdout] 67  | /         impl<$($lives ,)* N: Real, D: DimName, R> $Op<$Rhs> for $Lhs
[INFO] [stdout] 68  | |             where R: AlgaRotation<Point<N, D>>,
[INFO] [stdout] 69  | |                   DefaultAllocator: Allocator<N, D> {
[INFO] [stdout] 70  | |             type Output = $Output;
[INFO] [stdout] ...   |
[INFO] [stdout] 75  | |             }
[INFO] [stdout] 76  | |         }
[INFO] [stdout]     | |         ^
[INFO] [stdout]     | |         |
[INFO] [stdout]     | |_________first implementation here
[INFO] [stdout]     |           conflicting implementation for `&geometry::translation::Translation<_, _>`
[INFO] [stdout] ...
[INFO] [stdout] 281 | / isometry_binop_impl_all!(
[INFO] [stdout] 282 | |     Mul, mul;
[INFO] [stdout] 283 | |     self: Translation<N, D>, right: R, Output = Isometry<N, D, R>;
[INFO] [stdout] 284 | |     [val val] => Isometry::from_parts(self, right);
[INFO] [stdout] ...   |
[INFO] [stdout] 287 | |     [ref ref] => Isometry::from_parts(self.clone(), right.clone());
[INFO] [stdout] 288 | | );
[INFO] [stdout]     | |__- in this macro invocation
[INFO] [stdout]     |
[INFO] [stdout]     = note: downstream crates may implement trait `alga::linear::Rotation<geometry::point::Point<_, _>>` for type `&_`
[INFO] [stdout]     = note: this error originates in a macro (in Nightly builds, run with -Z macro-backtrace for more info)
[INFO] [stdout] 
[INFO] [stdout] 
[INFO] [stdout] error: aborting due to 2 previous errors
[INFO] [stdout] 
[INFO] [stdout] 
[INFO] [stdout] For more information about this error, try `rustc --explain E0119`.
[INFO] [stdout] 
[INFO] [stderr] error: build failed
[INFO] running `Command { std: "docker" "inspect" "c5b2624a834c9c2ecd719e416809ebdea56f6e22378befc7ec6390f12751d35d", kill_on_drop: false }`
[INFO] running `Command { std: "docker" "rm" "-f" "c5b2624a834c9c2ecd719e416809ebdea56f6e22378befc7ec6390f12751d35d", kill_on_drop: false }`
[INFO] [stdout] c5b2624a834c9c2ecd719e416809ebdea56f6e22378befc7ec6390f12751d35d
